737?
7
What is the hundred thousands digit of 61048964?
0
What is the hundred millions digit of 954053834?
9
What is the millions digit of 982836498?
2
What is the tens digit of 641248755?
5
What is the tens digit of 284335633?
3
What is the units digit of 908759301?
1
What is the ten thousands digit of 14523148?
2
What is the hundreds digit of 1648281267?
2
What is the ten millions digit of 44724707?
4
What is the billions digit of 1405436469?
1
What is the ten thousands digit of 4580653?
8
What is the hundreds digit of 912876247?
2
What is the ten millions digit of 1377395173?
7
What is the millions digit of 83476963?
3
What is the thousands digit of 1631523845?
3
What is the millions digit of 1795379861?
5
What is the tens digit of 68915256?
5
What is the ten thousands digit of 46877424?
7
What is the hundred thousands digit of 4860456718?
4
What is the tens digit of 24527422?
2
What is the thousands digit of 2000091914?
1
What is the ten thousands digit of 21746786?
4
What is the ten thousands digit of 2363588127?
8
What is the units digit of 66482012?
2
What is the hundreds digit of 33885843?
8
What is the ten millions digit of 166995885?
6
What is the units digit of 558655415?
5
What is the millions digit of 4101729?
4
What is the thousands digit of 198634252?
4
What is the units digit of 4087773462?
2
What is the ten thousands digit of 43373112?
7
What is the ten thousands digit of 92175256?
7
What is the thousands digit of 54096999?
6
What is the tens digit of 1890626764?
6
What is the billions digit of 1617353998?
1
What is the ten millions digit of 29584697?
2
What is the hundreds digit of 29658835?
8
What is the hundred millions digit of 110721663?
1
What is the tens digit of 8109530?
3
What is the ten millions digit of 3843792305?
4
What is the hundred millions digit of 4439863129?
4
What is the ten millions digit of 36774890?
3
What is the hundreds digit of 75431719?
7
What is the millions digit of 491657959?
1
What is the hundred thousands digit of 38513888?
5
What is the ten thousands digit of 160319902?
1
What is the units digit of 40904461?
1
What is the units digit of 5540396485?
5
What is the ten thousands digit of 43315771?
1
What is the ten thousands digit of 53629691?
2
What is the hundred thousands digit of 19614853?
6
What is the thousands digit of 75567335?
7
What is the millions digit of 4318440?
4
What is the hundred thousands digit of 135621404?
6
What is the ten thousands digit of 544026620?
2
What is the tens digit of 123447863?
6
What is the hundred thousands digit of 5431741438?
7
What is the hundred millions digit of 1691656653?
6
What is the hundred thousands digit of 1108433471?
4
What is the ten millions digit of 111453283?
1
What is the millions digit of 28936046?
8
What is the hundred thousands digit of 731750941?
7
What is the hundreds digit of 66008863?
8
What is the billions digit of 1407807264?
1
What is the thousands digit of 272366805?
6
What is the thousands digit of 673952605?
2
What is the tens digit of 1602374356?
5
What is the tens digit of 8948868858?
5
What is the hundred millions digit of 2560667548?
5
What is the ten millions digit of 32681003?
3
What is the units digit of 2166849302?
2
What is the millions digit of 33232655?
3
What is the thousands digit of 718218028?
8
What is the tens digit of 20416409?
0
What is the billions digit of 6748226921?
6
What is the tens digit of 41598177?
7
What is the hundred thousands digit of 3301353793?
3
What is the hundred thousands digit of 231785873?
7
What is the millions digit of 152522834?
2
What is the tens digit of 846986900?
0
What is the millions digit of 8555298?
8
What is the units digit of 365619674?
4
What is the hundreds digit of 2023790872?
8
What is the hundred thousands digit of 11858200?
8
What is the ten millions digit of 130355967?
3
What is the millions digit of 2182300?
2
What is the millions digit of 5481314642?
1
What is the hundred millions digit of 211884462?
2
What is the ten thousands digit of 36921617?
2
What is the ten millions digit of 3098588158?
9
What is the hundred millions digit of 1147130170?
1
What is the ten millions digit of 507880079?
0
What is the millions digit of 5544637362?
4
What is the thousands digit of 46260486?
0
What is the tens digit of 78200721?
2
What is the units digit of 6780427190?
0
What is the thousands digit of 197088774?
8
What is the ten thousands digit of 291905603?
0
What is the tens digit of 3367307204?
0
What is the units digit of 8352729?
9
What is the millions digit of 704706771?
4
What is the hundreds digit of 2705192252?
2
What is the units digit of 99803949?
9
What is the tens digit of 31245895?
9
What is the ten millions digit of 868638919?
6
What is the ten thousands digit of 3192539?
9
What is the units digit of 240717129?
9
What is the millions digit of 221565386?
1
What is the thousands digit of 1240650968?
0
What is the thousands digit of 81832133?
2
What is the ten thousands digit of 81315705?
1
What is the thousands digit of 24621550?
1
What is the hundred thousands digit of 60902021?
9
What is the thousands digit of 437174707?
4
What is the ten thousands digit of 197729681?
2
What is the thousands digit of 262217948?
7
What is the hundred thousands digit of 126572414?
5
What is the ten millions digit of 3373112324?
7
What is the thousands digit of 1103807412?
7
What is the billions digit of 1743189564?
1
What is the tens digit of 509378328?
2
What is the thousands digit of 3360727042?
7
What is the ten thousands digit of 2971279?
7
What is the hundred millions digit of 113096255?
1
What is the tens digit of 455739244?
4
What is the thousands digit of 37998634?
8
What is the tens digit of 383179877?
7
What is the units digit of 2132506069?
9
What is the tens digit of 39902334?
3
What is the tens digit of 1660906338?
3
What is the hundred thousands digit of 2817985853?
9
What is the tens digit of 55556398?
9
What is the thousands digit of 2050588722?
8
What is the ten thousands digit of 244981436?
8
What is the hundreds digit of 25940790?
7
What is the hundred millions digit of 188925004?
1
What is the millions digit of 70888561?
0
What is the units digit of 715304665?
5
What is the ten thousands digit of 39871275?
7
What is the hundreds digit of 432248666?
6
What is the hundreds digit of 224765876?
8
What is the hundred thousands digit of 161605374?
6
What is the millions digit of 31070212?
1
What is the hundreds digit of 1510683881?
8
What is the hundred thousands digit of 6265029585?
0
What is the hundred thousands digit of 3853648336?
6
What is the hundreds digit of 13895838?
8
What is the hundred thousands digit of 349451121?
4
What is the ten millions digit of 36208299?
3
What is the ten millions digit of 34503853?
3
What is the thousands digit of 9140043?
0
What is the ten thousands digit of 315715677?
1
What is the hundred thousands digit of 545561580?
5
What is the hundred millions digit of 4153660640?
1
What is the tens digit of 2565211500?
0
What is the tens digit of 59152425?
2
What is the hundreds digit of 47587366?
3
What is the tens digit of 2968821927?
2
What is the billions digit of 4044687977?
4
What is the millions digit of 19667704?
9
What is the hundreds digit of 516214144?
1
What is the hundreds digit of 26768041?
0
What is the tens digit of 2710908865?
6
What is the hundred millions digit of 306807558?
3
What is the thousands digit of 24085995?
5
What is the hundred thousands digit of 733220726?
2
What is the units digit of 191777904?
4
What is the ten thousands digit of 2623335722?
3
What is the ten thousands digit of 18494916?
9
What is the hundreds digit of 99569633?
6
What is the hundreds digit of 197914241?
2
What is the units digit of 989421149?
9
What is the hundred thousands digit of 46345896?
3
What is the units digit of 113897556?
6
What is the ten millions digit of 713542853?
1
What is the units digit of 133066062?
2
What is the ten millions digit of 51212117?
5
What is the hundred thousands digit of 16157896?
1
What is the millions digit of 318607877?
8
What is the thousands digit of 206873562?
3
What is the ten thousands digit of 10470209?
7
What is the hundred thousands digit of 141342186?
3
What is the hundreds digit of 1486334?
3
What